{"id":199,"date":"2010-04-03T10:28:25","date_gmt":"2010-04-03T08:28:25","guid":{"rendered":"http:\/\/www.volksliederbund.de\/?page_id=199"},"modified":"2018-12-22T22:17:30","modified_gmt":"2018-12-22T20:17:30","slug":"kur-kirchenkonzerte","status":"publish","type":"page","link":"https:\/\/www.volksliederbund.de\/?page_id=199","title":{"rendered":"Ausfl\u00fcge"},"content":{"rendered":"<table border=\"0\">\n<tbody>\n<tr>\n<td>&nbsp;<\/td>\n<td><strong><span style=\"font-size: small;\"><strong>Auftritte bei Kurkonzerten und Gottesdiensten<\/strong>&nbsp;<\/span><\/strong><\/td>\n<\/tr>\n<tr>\n<td>1996<\/td>\n<td>Bad M\u00fcnster am Stein<\/td>\n<\/tr>\n<tr>\n<td>1998<\/td>\n<td>Bad Schwalbach<\/td>\n<\/tr>\n<tr>\n<td>1999<\/td>\n<td>Bingen-Rochuskapelle<\/td>\n<\/tr>\n<tr>\n<td>1999<\/td>\n<td>Bad K\u00f6nig<\/td>\n<\/tr>\n<tr>\n<td>2000<\/td>\n<td>Bad Br\u00fcckenau<\/td>\n<\/tr>\n<tr>\n<td>2001<\/td>\n<td>Bad D\u00fcrkheim<\/td>\n<\/tr>\n<tr>\n<td>2002<\/td>\n<td>Bad Orb<\/td>\n<\/tr>\n<tr>\n<td>2003<\/td>\n<td>Walld\u00fcrn-Wallfahrtskirche St. Georg<\/td>\n<\/tr>\n<tr>\n<td>2004<\/td>\n<td>Bad Camberg<\/td>\n<\/tr>\n<tr>\n<td>2006<\/td>\n<td>Bad Ems<\/td>\n<\/tr>\n<tr>\n<td>2006<\/td>\n<td>Basilika Offenbach an der Glan<\/td>\n<\/tr>\n<tr>\n<td>2007<\/td>\n<td>Bad Wimpfen<\/td>\n<\/tr>\n<tr>\n<td>2007<\/td>\n<td>Dom zu Mainz<\/td>\n<\/tr>\n<tr>\n<td>2008<\/td>\n<td>Bingen &#8211; Rochuskapelle<\/td>\n<\/tr>\n<tr>\n<td>2009<\/td>\n<td>Bad Mergentheim<\/td>\n<\/tr>\n<tr>\n<td>2010<\/td>\n<td>Dom zu Mainz<\/td>\n<\/tr>\n<tr>\n<td>2012<\/td>\n<td>Katharinenkirche &#8211; Oppenheim<\/td>\n<\/tr>\n<tr>\n<td>2013<\/td>\n<td>Bad Kreuznach<\/td>\n<\/tr>\n<tr>\n<td>2014<\/td>\n<td>Hinzweiler<\/td>\n<\/tr>\n<tr>\n<td>2015<\/td>\n<td>Berchtesgadener Land (Ainring)<\/td>\n<\/tr>\n<tr>\n<td>2016<\/td>\n<td>Kloster Marienthal und Kloster Eberbach<\/td>\n<\/tr>\n<tr>\n<td>2017<\/td>\n<td>Attendorn und Krombach<\/td>\n<\/tr>\n<tr>\n<td>2019<\/td>\n<td>St. Ingbert<\/td>\n<\/tr>\n<\/tbody>\n<\/table>\n<p>&nbsp;<\/p>\n","protected":false},"excerpt":{"rendered":"<p>&nbsp; Auftritte bei Kurkonzerten und Gottesdiensten&nbsp; 1996 Bad M\u00fcnster am Stein 1998 Bad Schwalbach 1999 Bingen-Rochuskapelle 1999 Bad K\u00f6nig 2000 Bad Br\u00fcckenau 2001 Bad D\u00fcrkheim 2002 Bad Orb 2003 Walld\u00fcrn-Wallfahrtskirche St. Georg 2004 Bad Camberg 2006 Bad Ems 2006 Basilika Offenbach an der Glan 2007 Bad Wimpfen 2007 Dom zu Mainz 2008 Bingen &#8211; Rochuskapelle [&hellip;]<\/p>\n","protected":false},"author":2,"featured_media":0,"parent":0,"menu_order":8,"comment_status":"closed","ping_status":"open","template":"","meta":{"ngg_post_thumbnail":0,"footnotes":""},"class_list":["post-199","page","type-page","status-publish","hentry"],"jetpack_sharing_enabled":true,"_links":{"self":[{"href":"https:\/\/www.volksliederbund.de\/index.php?rest_route=\/wp\/v2\/pages\/199","targetHints":{"allow":["GET"]}}],"collection":[{"href":"https:\/\/www.volksliederbund.de\/index.php?rest_route=\/wp\/v2\/pages"}],"about":[{"href":"https:\/\/www.volksliederbund.de\/index.php?rest_route=\/wp\/v2\/types\/page"}],"author":[{"embeddable":true,"href":"https:\/\/www.volksliederbund.de\/index.php?rest_route=\/wp\/v2\/users\/2"}],"replies":[{"embeddable":true,"href":"https:\/\/www.volksliederbund.de\/index.php?rest_route=%2Fwp%2Fv2%2Fcomments&post=199"}],"version-history":[{"count":23,"href":"https:\/\/www.volksliederbund.de\/index.php?rest_route=\/wp\/v2\/pages\/199\/revisions"}],"predecessor-version":[{"id":1668,"href":"https:\/\/www.volksliederbund.de\/index.php?rest_route=\/wp\/v2\/pages\/199\/revisions\/1668"}],"wp:attachment":[{"href":"https:\/\/www.volksliederbund.de\/index.php?rest_route=%2Fwp%2Fv2%2Fmedia&parent=199"}],"curies":[{"name":"wp","href":"https:\/\/api.w.org\/{rel}","templated":true}]}}

Ausflüge

<table border="0">
<tbody>
<tr>
<td>&nbsp;</td>
<td><strong><span style="font-size: small;"><strong>Auftritte bei Kurkonzerten und Gottesdiensten</strong>&nbsp;</span></strong></td>
</tr>
<tr>
<td>1996</td>
<td>Bad Münster am Stein</td>
</tr>
<tr>
<td>1998</td>
<td>Bad Schwalbach</td>
</tr>
<tr>
<td>1999</td>
<td>Bingen-Rochuskapelle</td>
</tr>
<tr>
<td>1999</td>
<td>Bad König</td>
</tr>
<tr>
<td>2000</td>
<td>Bad Brückenau</td>
</tr>
<tr>
<td>2001</td>
<td>Bad Dürkheim</td>
</tr>
<tr>
<td>2002</td>
<td>Bad Orb</td>
</tr>
<tr>
<td>2003</td>
<td>Walldürn-Wallfahrtskirche St. Georg</td>
</tr>
<tr>
<td>2004</td>
<td>Bad Camberg</td>
</tr>
<tr>
<td>2006</td>
<td>Bad Ems</td>
</tr>
<tr>
<td>2006</td>
<td>Basilika Offenbach an der Glan</td>
</tr>
<tr>
<td>2007</td>
<td>Bad Wimpfen</td>
</tr>
<tr>
<td>2007</td>
<td>Dom zu Mainz</td>
</tr>
<tr>
<td>2008</td>
<td>Bingen &#8211; Rochuskapelle</td>
</tr>
<tr>
<td>2009</td>
<td>Bad Mergentheim</td>
</tr>
<tr>
<td>2010</td>
<td>Dom zu Mainz</td>
</tr>
<tr>
<td>2012</td>
<td>Katharinenkirche &#8211; Oppenheim</td>
</tr>
<tr>
<td>2013</td>
<td>Bad Kreuznach</td>
</tr>
<tr>
<td>2014</td>
<td>Hinzweiler</td>
</tr>
<tr>
<td>2015</td>
<td>Berchtesgadener Land (Ainring)</td>
</tr>
<tr>
<td>2016</td>
<td>Kloster Marienthal und Kloster Eberbach</td>
</tr>
<tr>
<td>2017</td>
<td>Attendorn und Krombach</td>
</tr>
<tr>
<td>2019</td>
<td>St. Ingbert</td>
</tr>
</tbody>
</table>
<p>&nbsp;</p>

<p>&nbsp; Auftritte bei Kurkonzerten und Gottesdiensten&nbsp; 1996 Bad Münster am Stein 1998 Bad Schwalbach 1999 Bingen-Rochuskapelle 1999 Bad König 2000 Bad Brückenau 2001 Bad Dürkheim 2002 Bad Orb 2003 Walldürn-Wallfahrtskirche St. Georg 2004 Bad Camberg 2006 Bad Ems 2006 Basilika Offenbach an der Glan 2007 Bad Wimpfen 2007 Dom zu Mainz 2008 Bingen &#8211; Rochuskapelle [&hellip;]</p>
